p + 4*s + 46265, s = -5*p - 3*s + 77151. Is p a composite number?
False
Let p(n) = -4*n**2 - 61*n + 30. Let j be p(-15). Suppose -j*h - 70593 = -48*h. Is h prime?
True
Let o = -38027 + 123725. Suppose -15*v - o = -9*v. Is v/(-36) - (-1)/4 a composite number?
False
Suppose 11*v - 10*v = 0. Suppose v*q + 3*q = 6. Suppose -o - 986 - 1178 = -4*d, -1082 = -2*d - q*o. Is d a composite number?
False
Suppose -3*s = 3*p - 253054 - 812228, -3*s + 1065292 = p. Is s a composite number?
False
Let q(s) = -2*s + 128. Let r be q(0). Let i = -179 + r. Is 6/3 - (19 + -4)*i a prime number?
False
Suppose -4*i = -4 - 0. Let v be ((-24)/(-20) - -1) + i/(-5). Is (422/4)/((-76)/40 + v) composite?
True
Suppose 27544508 = 179*a - 12331501. Is a prime?
False
Let f = 873 - 877. Let j be -1 + -1 - (-42)/(-3). Is f/j + 3494/8 a composite number?
True
Is ((4/(-3))/(2/895634))/(6/(-9)) prime?
False
Let o(u) be the second derivative of 21*u**5/20 + u**4/4 - 2*u**3/3 + 3*u**2/2 + 84*u. Is o(5) composite?
False
Let w be ((-5)/4 - 3)*-764. Let a = w + -1134. Let i = -1418 + a. Is i a prime number?
False
Suppose 1250287 = 3*s + 4*t, -21*s + 17*s - 2*t + 1667046 = 0. Is s prime?
True
Suppose -7*b - 2038 = 1147. Is 23666/14 - 52/b*5 composite?
True
Let z = -180308 + 258549. Is z a prime number?
True
Let v = -36 + 41. Suppose -v*d - 5*u = 0, -17 = -4*d + u + 8. Suppose -4*x - n + 3760 = -0*x, -4693 = -d*x - 3*n. Is x prime?
True
Let b = -799 + -1216. Let d = -1386 - b. Is d a composite number?
True
Let h = 17841 + -25027. Let j = 10145 + h. Is j a prime number?
False
Suppose -85*o = 48*o - 1839257. Is o prime?
True
Is 27381020/30*(-7)/(-28)*6 a prime number?
True
Suppose -18*c + 20*c - 9 = -5*f, -c + 1 = -f. Suppose -5561 = c*l - 18499. Is l composite?
False
Suppose -124*g + 118*g + 24 = 0. Let t(p) = 13*p**3 - 3*p**2 - 6*p - 15. Is t(g) a composite number?
True
Let k(f) be the second derivative of f**4/12 + 11*f**3/3 + 11*f**2/2 + 16*f. Let h be 6/((-2)/(-1 - 3)). Is k(h) a composite number?
False
Let d be (-5)/(-10)*18/3. Suppose 4*s - d*s + 13 = -l, -13 = s - 2*l. Is s/39 + (-3812)/(-6) a composite number?
True
Suppose -r = -5*h + r + 23, 0 = 2*h + 2*r - 12. Suppose 5*g - 81671 = -0*i + 2*i, h*g = -4*i + 81653. Is g prime?
True
Suppose -15*r - 60 = -18*r. Suppose 17*t = r*t + 90. Is (-8)/60 + (-4)/t - -31 a prime number?
True
Let a be 9 - ((-15)/(-3) + -5)/2. Suppose 25*p + a*p - 280942 = 0. Is p a prime number?
True
Let a be (-4 + 1)*-1 - (-4127 - -73). Suppose -a - 301 = -d. Is d prime?
False
Suppose 0 = -3*k + 10 - 1. Let b(g) = -4*g - 77. Let h(x) = -3*x - 77. Let p(r) = k*b(r) - 2*h(r). Is p(-18) composite?
False
Suppose 0 = -4*n + 16*n - 6210624. Suppose -16*a = -0*a - n. Is a a prime number?
False
Let v(g) = -162*g**3 + g**2 + 87*g + 263. Is v(-6) composite?
True
Let w be 4 - (-9 + 0 + 10). Let r = -8 + 13. Suppose w*k - 3512 = -r*c, 3*c + 2*k - 7*k = 2114. Is c a prime number?
False
Suppose 15*p + 19 = 79. Suppose 2*o + 6616 = p*k, -3*o = -3*k + o + 4957. Is k a composite number?
True
Is (356 + -19)*(105 + -8) a composite number?
True
Let l(o) = 133*o - 107. Let b = 29 + -7. Is l(b) prime?
True
Suppose 3*a - 335096 = -s + 43980, 2*s = -2. Is a a prime number?
True
Let m(w) = -w**3 + 10*w**2 - 3*w + 53. Let i be m(13). Let n = i + 1394. Is n a composite number?
True
Let g(c) = -72991*c + 240. Is g(-1) a composite number?
True
Suppose -10055 = -10*z - 1425. Suppose -2653 = -6*c + z. Is c composite?
True
Suppose 4*i + 6*u = 7*u + 34317, -3*u - 42898 = -5*i. Suppose 0*v = -5*f - 2*v + i, 0 = -f - 3*v + 1708. Is f a prime number?
False
Suppose 4*g - 20 = 0, -n - 18 = g - 106. Let m = 243 + n. Is m a composite number?
True
Is ((-45609)/(-5) + 2/10)/(51 + -49) composite?
False
Suppose -4*i + 5 + 7 = 0. Suppose 0 = -z - 2*n + 209, i*n - 208 = -5*z + 4*z. Is z composite?
False
Let t = 1280 - 756. Suppose u - d = -5*d - t, 2*d = 2*u + 1018. Let f = 865 + u. Is f composite?
False
Let p = -8977 - -15614. Is p prime?
True
Let x be (-24694)/(-2 + 4)*(1 - 2). Let g = x - 7734. Is g prime?
False
Let z be (-11151)/(-9) - 3/(-1). Let j = z - -340. Suppose 0 = 10*v - 12*v + j. Is v composite?
True
Suppose 3*f - 7 = -1. Suppose -f*n + 6 = 3*u - 7, -4*u + 20 = 4*n. Is 14084/36 + 0 + n/(-9) a prime number?
False
Let x(a) = 18*a**2 - 70*a + 30. Let h(k) = 9*k**2 - 35*k + 15. Let o(f) = -5*h(f) + 3*x(f). Is o(16) prime?
True
Suppose 2*u - 3*u - 1 = 0. Let r(s) = -s**2 - s - 1. Let t(w) = -60*w**2 - 13*w + 11. Let c(p) = u*t(p) + 4*r(p). Is c(8) a prime number?
False
Let d(s) = -2*s**2 - 35*s - 6. Let t be d(-18). Let m(b) = b**2 + 25*b + 24. Let r be m(t). Suppose r = 20*y - 17*y - 2127. Is y a composite number?
False
Let q be 10/(-4*(-5)/20). Suppose -58*t = -53*t + q. Let f(s) = 120*s**2 + 3*s + 5. Is f(t) prime?
True
Let c = -52 - -66. Suppose -5*r - 13 = 3*p, -4*p - 6*r = -r + c. Is (584/16)/(p/(-22)) a composite number?
True
Let l = 87 + -83. Suppose 5*y + 12 = -l*p, y - p = 4*p + 15. Suppose -5*o + 4*t = -2*o - 1897, y = 5*o - 2*t - 3157. Is o a prime number?
True
Suppose -26*a + 52132 = -20460. Suppose -2*i + a = -3*c, -2*i + 2808 = 7*c - 2*c. Is i composite?
False
Let o(v) be the third derivative of 901*v**6/120 - v**4/4 - v**3/6 - 30*v**2. Is o(2) a prime number?
False
Let a(b) = -8*b**2 - b + 12. Let c be ((-7)/((-42)/32))/(4/6). Let n be a(c). Is (4 - 17/4)*3*n composite?
True
Let s = -1195794 - -2221997. Is s prime?
False
Let k be 182736/16 - 9/(-3). Let o = k - 6347. Is o composite?
False
Suppose -n + 3*d + 11 + 10 = 0, -5*n + 67 = 4*d. Suppose 22*s = n*s + 9289. Is s a composite number?
False
Let b(k) be the third derivative of -125*k**4/24 + 32*k**3/3 + 4*k**2 - 14. Is b(-9) a composite number?
True
Let c(m) = 10200*m - 30. Let p be c(-4). Is (40/(-60))/(4/p) a composite number?
True
Let x(w) = 19*w**2 + 49*w - 245. Is x(-54) a composite number?
True
Suppose 13*z - 12*z - 161289 = -3*a, -5*a + 806405 = 5*z. Is z a composite number?
True
Let m(p) = -4*p + 26. Let x be m(-8). Suppose x*k - 769899 = 19*k. Is k composite?
True
Let y = -1 - 55. Let q = -51 - y. Suppose -5*z + 664 - 3274 = -q*b, -5*b = 5*z - 2600. Is b a composite number?
False
Let j(r) = 20949*r - 631. Is j(6) prime?
True
Suppose -p - 3*y = -323836, -2*p - 4*y - 57032 + 704690 = 0. Is p prime?
False
Suppose 14*g - 385 = 19*g. Let x = g - -884. Is x prime?
False
Suppose -51*z + 54*z - 2*x - 9994 = 0, 2*x - 13330 = -4*z. Suppose 9371 = 3*a - 5*g - 635, a - z = 5*g. Is a a prime number?
False
Let s(t) = 32*t**2 - 12*t - 73. Let o = -402 + 392. Is s(o) a composite number?
True
Let j = 4406 - -803. Is j a prime number?
True
Let i be 6*(-1)/3*-1. Let u(p) = 2*p + 7*p**3 + 5*p - 2*p**2 - p + 3*p + 3 - 8*p. Is u(i) a prime number?
True
Let z be 2*3 - -1*(1 - 3). Suppose a + 3*a - 253864 = z*o, -5*o + 190366 = 3*a. Suppose 6*l = -0*l + a. Is l a prime number?
False
Let j = 171905 - -19508. Is j composite?
False
Let v(g) = -g**3 - 2*g**2 + 6*g + 5. Let b be v(-3). Let x be 36/(-24) - 1530/b. Is (x/2)/((-4)/(-8)) a prime number?
False
Let i(s) = -1051*s + 104. Let x(w) = 1052*w - 104. Let o(m) = 5*i(m) + 4*x(m). Is o(-7) composite?
False
Suppose 2*g + 2*a = 30, -3*g + 40 = g - a. Let x(h) = 3*h + 41. Is x(g) composite?
True
Let p be 2*(114153/(-2))/13. Is ((-30)/(-135))/((-4)/6)*p a composite number?
False
Suppose 10 = 12*t - 50. Suppose -3*q + t*q = 3*y - 13871, -4*q = 16. Is y a composite number?
False
Suppose 2*v = -2*v + 16, s = -2*v + 4. Is (45996/18)/(s/(-6)) a composite number?
False
Let v(u) = 10*u**2 + 8*u - 9. Let r(q) = q**3 + 11*q**2 + 9*q - 10. Let s(x) = 4*r(x) - 5*v(x). Let l = -139 + 149. Is s(l) a composite number?
True
Suppose -277*j - 157364 = -281*j. Is j composite?
False
Suppose 0 = 5*t - 2*z - 1115085, 0 = -3*t - 4*z + 6*z + 669047. Is t prime?
True
Let l(u) = 85*u**3 - 2*u**2 - 2*u + 1. Let g(a) = a**2 + 2*a - 6. Let d be g(-4). Is l(d) a prime number?
False
Suppose 162*p - 166*p - 1106766 = -2*k, -3*p + 9 = 0. Is k composite?
True
Let x = 127981 + -21650. Is x prime?
True
Let l(r) = -21*r**3 - 11*r**2 + 6*r + 26. Let j be l(-5). Let v = -1391 + j. Is v prime?
False
Let a(b) = 5*b**2 - b + 0*b - 9*b + 19 + 15*b. Is a(11) prime?
False
Suppose t - 4 = -3*t + 4*x, x - 1 = 0. Let j be (240/14)/(t/14). Let 